True
Is 12 a factor of 990129?
False
Is 82900 a multiple of 128?
False
Does 67 divide 442026?
False
Does 485 divide 2784670?
False
Is 62216 a multiple of 308?
True
Does 4 divide 5359?
False
Is 32 a factor of 129500?
False
Is 80 a factor of 4590713?
False
Is 4658374 a multiple of 74?
True
Does 14 divide 1485?
False
Is 318189 a multiple of 8?
False
Is 18 a factor of 208044?
True
Is 50 a factor of 1066250?
True
Does 17 divide 1285591?
True
Is 133 a factor of 1044981?
True
Is 6228 a multiple of 4?
True
Is 43 a factor of 829941?
False
Is 769 a factor of 2716108?
True
Is 105314 a multiple of 11?
True
Is 18 a factor of 212729?
False
Is 38 a factor of 826500?
True
Does 50 divide 2002350?
True
Does 30 divide 5984025?
False
Is 87 a factor of 2097636?
False
Is 679874 a multiple of 79?
True
Is 343000 a multiple of 2?
True
Is 220 a factor of 683865?
False
Is 444 a factor of 156732?
True
Is 568 a factor of 2032588?
False
Is 24 a factor of 98688?
True
Is 430 a factor of 2960938?
False
Is 22 a factor of 2488596?
True
Is 617 a factor of 629761?
False
Is 266862 a multiple of 563?
True
Does 24 divide 3336?
True
Is 9828 a multiple of 27?
True
Does 66 divide 298650?
True
Is 22 a factor of 1122638?
True
Is 173840 a multiple of 164?
True
Is 111 a factor of 130240?
False
Is 20 a factor of 762755?
False
Does 153 divide 2048058?
True
Is 34 a factor of 225815?
False
Is 28 a factor of 1052044?
True
Is 22 a factor of 237952?
True
Does 27 divide 560347?
False
Does 699 divide 9589581?
True
Is 491558 a multiple of 29?
False
Does 178 divide 717874?
True
Is 3 a factor of 138059?
False
Does 7 divide 600313?
True
Does 32 divide 19886?
False
Is 29167 a multiple of 46?
False
Is 32 a factor of 7495392?
True
Is 32 a factor of 226277?
False
Is 131070 a multiple of 17?
True
Does 393 divide 261345?
True
Does 575 divide 6096150?
True
Does 25 divide 78775?
True
Is 23 a factor of 8786322?
True
Is 583909 a multiple of 58?
False
Does 44 divide 513392?
True
Is 11696682 a multiple of 65?
False
Is 82285 a multiple of 265?
False
Is 213 a factor of 690625?
False
Does 334 divide 40414?
True
Is 752252 a multiple of 82?
False
Is 34 a factor of 22611?
False
Does 75 divide 56550?
True
Is 44 a factor of 3165805?
False
Does 6 divide 56656?
False
Is 560969 a multiple of 2?
False
Is 7 a factor of 356685?
True
Is 222 a factor of 725496?
True
Does 1241 divide 3526922?
True
Is 131 a factor of 37728?
True
Is 104 a factor of 987376?
True
Is 15740480 a multiple of 14?
True
Is 25 a factor of 79825?
True
Does 9 divide 3686078?
False
Does 12 divide 215142?
False
Does 76 divide 243546?
False
Is 746 a factor of 1177934?
True
Is 4 a factor of 54436?
True
Is 36418 a multiple of 233?
False
Does 421 divide 186503?
True
Does 2135 divide 16810990?
True
Does 26 divide 228410?
True
Is 12137905 a multiple of 13?
True
Is 89 a factor of 127448?
True
Is 5 a factor of 99560?
True
Does 1317 divide 521532?
True
Is 72 a factor of 2615142?
False
Is 3 a factor of 12299?
False
Is 69 a factor of 801918?
True
Is 10476 a multiple of 27?
True
Does 22 divide 107822?
True
Is 599704 a multiple of 7?
True
Is 19 a factor of 215308?
True
Is 84 a factor of 873516?
True
Is 38688 a multiple of 63?
False
Does 52 divide 4319687?
False
Is 918681 a multiple of 359?
True
Is 30 a factor of 5984018?
False
Is 37 a factor of 20820?
False
Does 283 divide 644391?
True
Is 36 a factor of 241344?
True
Is 52 a factor of 53822?
False
Is 20391 a multiple of 21?
True
Is 41 a factor of 247686?
False
Is 10 a factor of 8316540?
True
Is 126718 a multiple of 37?
False
Is 56 a factor of 165721?
False
Is 64225 a multiple of 7?
True
Is 185678 a multiple of 5?
False
Does 13 divide 91707?
False
Is 5678 a multiple of 128?
False
Does 124 divide 160825?
False
Is 26 a factor of 5224195?
False
Does 130 divide 6624410?
True
Does 7 divide 757655?
False
Does 110 divide 266750?
True
Does 250 divide 317350?
False
Does 791 divide 528388?
True
Does 35 divide 35466?
False
Is 623825 a multiple of 21?
False
Is 20 a factor of 13140180?
True
Is 32 a factor of 1224384?
True
Does 116 divide 1323753?
False
Is 35998 a multiple of 61?
False
Does 397 divide 155624?
True
Is 35739 a multiple of 9?
True
Is 3921876 a multiple of 474?
True
Is 224 a factor of 3756256?
True
Is 2 a factor of 37530?
True
Is 17249342 a multiple of 506?
False
Does 29 divide 198067?
False
Is 231 a factor of 50352?
False
Does 8 divide 4734906?
False
Is 47 a factor of 268817?
False
Is 31 a factor of 3570859?
True
Does 17 divide 6358?
True
Does 9 divide 457924?
False
Is 56 a factor of 262301?
False
Does 44 divide 55968?
True
Is 11 a factor of 300630?
True
Does 34 divide 9468674?
False
Does 14 divide 9174018?
True
Does 552 divide 433991?
False
Does 25 divide 3121225?
True
Does 71 divide 295152?
False
Is 10 a factor of 389646?
False
Is 116620 a multiple of 98?
True
Does 34 divide 655367?
False
Is 502 a factor of 825790?
True
Is 77 a factor of 421806?
True
Is 213185 a multiple of 102?
False
Is 1127965 a multiple of 372?
False
Is 25 a factor of 174250?
True
Is 33 a factor of 62774?
False
Is 38 a factor of 262202?
False
Is 11 a factor of 10437?
False
Does 120 divide 1248791?
False
Is 8 a factor of 1924000?
True
Is 5 a factor of 39820?
True
Does 183 divide 123974?
False
Is 131 a factor of 184283?
False
Does 18 divide 3349376?
False
Does 16 divide 5177430?
False
Does 129 divide 530783?
False
Is 173 a factor of 666436?
False
Does 110 divide 252954?
False
Does 63 divide 18207?
True
Is 2473280 a multiple of 40?
True
Is 56988 a multiple of 5?
False
Is 569356 a multiple of 37?
True
Is 125957 a multiple of 438?
False
Is 5 a factor of 572097?
False
Does 13 divide 111436?
True
Is 26 a factor of 8213894?
True
Does 9 divide 441180?
True
Is 642114 a multiple of 507?
False
Does 107 divide 1213570?
False
Does 216 divide 1709239?
False
Is 8 a factor of 1286466?
False
Is 10788576 a multiple of 1312?
True
Is 29 a factor of 69629?
True
Does 111 divide 4383501?
True
Is 11661 a multiple of 13?
True
Is 281018 a multiple of 297?
False
Does 3 divide 259643?
False
Does 37 divide 14606786?
True
Is 412 a factor of 3630544?
True
Is 77720 a multiple of 116?
True
Is 356530 a multiple of 101?
True
Is 67933 a multiple of 25?
False
Does 25 divide 384250?
True
Is 856288 a multiple of 19?
False
Does 1594 divide 6047636?
True
Is 882883 a multiple of 40?
False
Is 85 a factor of 1337305?
True
Is 4529492 a multiple of 452?
True
Is 19 a factor of 34141?
False
Is 9 a factor of 721220?
False
Is 51 a factor of 157084?
False
Is 173 a factor of 3500321?
False
Does 5 divide 1516601?
False
Is 51480 a multiple of 120?
True
Is 65 a factor of 1504295?
True
Is 73487 a multiple of 55?
False
Is 2057952 a multiple of 624?
True
Is 101 a factor of 2239776?
True
Does 96 divide 785856?
True
Does 29 divide 1157535?
True
Is 132 a factor of 1178356?
False
Is 2913125 a multiple of 17?
False
Is 14025 a multiple of 51?
True
Is 4 a factor of 74155?
False
Is 6990 a multiple of 74?
False
Is 4758460 a multiple of 829?
True
Is 54 a factor of 410497?
False
Is 5 a factor of 99751?
False
Is 387891 a multiple of 6?
False
Is 300885 a multiple of 15?
True
Is 44 a factor of 9348856?
True
Is 25473534 a multiple of 67?
True
Does 98 divide 81438?
True
Does 10 divide 270370?
True
Does 15 divide 24990?
True
Does 189 divide 648837?
True
Is 243 a factor of 9890730?
False
Does 205 divide 28905?
True
Is 13 a factor of 722150?
True
Does 50 divide 80850?
True
Is 85 a factor of 57290?
True
Does 90 divide 36365?
False
Is 30 a factor of 259333?
False
Does 6 divide 4396297?
False
Is 697 a factor of 714407?
False
Is 1816704 a multiple of 11?
False
Is 9210158 a multiple of 104?
False
Does 35 divide 1481872?
False
Is 14963030 a multiple of 39?
False
Is 1034 a factor of 1024694?
True
Does 90 divide 439830?
True
Is 1961409 a multiple of 57?
False
Is 1490321 a multiple of 52?
False
Is 192821 a multiple of 12?
False
Is 10 a factor of 1920710?
True
Is 34 a factor of 416910?
False
Does 12 divide 121680?
True
Is 220 a factor of 66660?
True
Does 8 divide 4589028?
False
Does 106 divide 2663462?
True
Does 159 divide 479120?
False
Is 11 a factor of 169444?
True
Is 3173085 a multiple of 5?
True
Is 3038 a multiple of 4?
False
Is 938052 a multiple of 36?
True
Is 868051 a multiple of 266?
False
Is 133 a factor of 2307939?
False
Is 478